ided by 8.
5
Let m(u) = 7*u - 7. Let p be m(4). Let s = 27 - p. Calculate the remainder when 21 is divided by s.
3
Suppose -5*a + l + 1477 = -1766, 2*l + 645 = a. Suppose -6*z + 125 = p - 2*z, 0 = -5*p + 4*z + a. What is the remainder when p is divided by 33?
30
Suppose 4*p = 6*p + 334. Let w = p - -107. What is the remainder when 4 is divided by w/(-14) + (-8)/28?
0
Suppose -2*k + 116 = 2*k. Let d = -153 - -156. Suppose 425 = 5*y - 5*q, 2*q + 212 = d*y - 42. What is the remainder when y is divided by k?
26
Let q(u) = 4 + 5*u - u**2 - 3*u + 8*u. Let s be q(10). Suppose -5*a + 5 = 0, 0*c + 2*c - 90 = s*a. What is the remainder when c is divided by 12?
11
Let u be (-6 + 4)*(-34)/4. Suppose -3*o = -2*t - 15, 5*t = 4*o - 24 - u. Let v = t + 12. Calculate the remainder when v is divided by 1.
0
Let c = -24 - 6. Let k = c - -46. Let p = -429 - -435. What is the remainder when k is divided by p?
4
Let a = 509 - 275. Let l = a - 127. What is the remainder when l is divided by 27?
26
Calculate the remainder when (-1085)/(-25) - 32/(-20) is divided by 12.
9
Let t(c) = c**2 + 34*c + 159. Calculate the remainder when t(-32) is divided by 64.
31
Let d = -116 + 121. Suppose d*r = 5*j + 220, 4 + 5 = 3*j. What is the remainder when r is divided by 0 - 0 - -2 - -10?
11
Suppose 0 = 4*d - 21*d + 102. Calculate the remainder when 15 is divided by d.
3
Let z(f) = 2*f**3 + 2*f**2 - 3*f + 4. Calculate the remainder when z(2) is divided by -1 + (1 + -2 - -8).
4
Let g(z) = 17 - 45*z - 45*z + 96*z. Suppose -9 = -5*u + 56. Calculate the remainder when g(u) is divided by 24.
23
Let q = 533 + -523. What is the remainder when 79 is divided by q?
9
Suppose 4*l = -607 + 795. What is the remainder when 1689 is divided by l?
44
Suppose 317*l - 320*l + 549 = 0. What is the remainder when l is divided by 32?
23
Let d = 9 + 10. Calculate the remainder when 1 + 107 + (-8)/(-2) is divided by d.
17
Calculate the remainder when -1 + 0 + 3 - -9 is divided by (4 + 152/(-32))/(6/(-24)).
2
Let u(t) = -472*t + 14. Let b be u(-1). Suppose 62*h - 60*h = b. What is the remainder when h is divided by 49?
47
Suppose 0 = -2*v + 3*a + 8, -v + a + 2 = -2. Suppose -v*i = -5*i + 6. Suppose 0 = -3*q + i*q - 93. Calculate the remainder when 61 is divided by q.
30
Let u = -2402 + 2418. What is the remainder when 1483 is divided by u?
11
Suppose 4*y + 84 = 11*q - 7*q, -5*q - 2*y + 70 = 0. Suppose 5*v - 870 = -0*v. What is the remainder when v is divided by q?
14
Let g = -60 + 94. Suppose g + 16 = 5*s. Calculate the remainder when 69 is divided by s.
9
Let j be ((-32)/(-56))/(4/14). Calculate the remainder when 97 is divided by (j - 4)/(4/(-66)).
31
Let g(z) be the first derivative of z**4/4 - 3*z**3 + 5*z**2 - 20. What is the remainder when 90 is divided by g(8)?
10
Let d be 6/36 + 15/18. Let g = 6 + d. Suppose -g*b - 36 = -10*b. What is the remainder when 45 is divided by b?
9
Let f be (20/6)/(30/45). Suppose f*s = -h + 303, 2*s + 2*h = -0*h + 118. What is the remainder when s is divided by 13?
9
Let j(z) = -31*z - 9. Let c be (-77)/14 + (-6)/(-4). Let n(m) = -16*m - 1. What is the remainder when n(c) is divided by j(-1)?
19
Suppose 9*v - 63 = 54. What is the remainder when 22 is divided by v?
9
Let b = 18 + 3. Let y be 1844/6 + 10/15. Suppose h = 3*j - 0*j - 239, 4*h = 4*j - y. What is the remainder when j is divided by b?
18
Let x = 5888 + -5745. Calculate the remainder when x is divided by (6*1)/((-2)/(-16)).
47
Let n = 213 + -207. Calculate the remainder when 29 is divided by n.
5
Calculate the remainder when 420 is divided by (-24)/(-30)*15/6 + 1.
0
What is the remainder when 2*(-4)/((-56)/819) is divided by 30?
27
Let q(p) = -p**3 - 9*p**2 - p + 1. Let h be q(-9). Suppose -7*j + 4 + h = 0. Suppose j*d - 65 = -3*d. Calculate the remainder when 24 is divided by d.
11
Suppose -5*t = -30 + 5. Suppose -t*s + 24 = -6. Calculate the remainder when 37 is divided by 2/1 - (s + -23).
18
Suppose 13*a + 11*a - 1032 = 0. What is the remainder when a is divided by 34?
9
Suppose 61 = 5*p + 4*d, -3*p + 49 - 10 = 3*d. Calculate the remainder when 134 is divided by p.
8
Suppose a + 11*p = 6*p + 30, a + 15 = 4*p. Let w = 19 + -6. Calculate the remainder when w is divided by (72/(-90))/((-2)/a).
1
Let t(j) = 10 - 3*j**2 + 4*j**2 + 2 + 2*j + 5*j. Let c = -2 + 17. What is the remainder when t(-10) is divided by c?
12
Suppose -4*v - 4*f = -7*v + 248, 5*v - 2*f = 404. Suppose -5*p + 41 = -4*p + d, -5*d = -4*p + 173. What is the remainder when v is divided by p?
38
Suppose -4*n - 245 = -9*n. Let i be 4/7*n/2. What is the remainder when 13 is divided by (i/3)/(10/15)?
6
Suppose -2*p - 18 = -t - 38, p + 4*t = 1. Calculate the remainder when 836 is divided by p.
8
Let z be 2*(-3)/6 - -6. Suppose -z*x - 19 = -179. What is the remainder when x is divided by 11?
10
Calculate the remainder when 239 is divided by 20/((-1 + (-30)/(-36))*-3).
39
Let q = 20 - 10. Let a = -33 + q. Let w = 10 - a. What is the remainder when w is divided by 7?
5
Let g = 124 + -72. Let r be 65*((-16)/(-10) + -2). Calculate the remainder when (-940)/r - 8/g is divided by 13.
10
Let s(k) = k + 44. Let h be s(-16). Suppose d = 3*d - h. Let u(b) = -b**3 + 2*b**2 + 4*b + 1. What is the remainder when d is divided by u(3)?
2
Let k(t) = 3*t**2 - 63*t - 124. Calculate the remainder when 83 is divided by k(-2).
13
Suppose v = -d - 4, -4*v = v - 5*d - 20. Suppose 21 = 3*y - v*y. What is the remainder when y is divided by 3?
1
Suppose -70 = -6*n - n. Suppose -5*u - 4*f = -60, -5*f + 2 = u - n. Calculate the remainder when 43 is divided by u.
7
Let a(o) = o**2 - 38*o + 317. Suppose -6 = 3*z, 0*z = -g + 2*z + 63. What is the remainder when g is divided by a(27)?
19
Suppose -35 = -2*r + 2*c + 3*c, -5*r + 72 = 3*c. Suppose -3*m + 38 = 2*d + m, d + m - r = 0. What is the remainder when 30 is divided by d?
8
What is the remainder when (2 - 56/26) + (-3343)/(-13) is divided by 20?
17
Suppose -5*o + 5 + 16 = -4*w, 7 = 2*w + o. Let y be (1 - (5 - 4)*-1)*2. Suppose -c + y = w. Calculate the remainder when 6 is divided by c.
0
Let g = -97 - -451. Calculate the remainder when g is divided by 17.
14
Let g(u) = u**2 - 17. Calculate the remainder when g(-9) is divided by 34.
30
Suppose k + 5*s = 22, -2*s = k - 0*s - 10. Suppose -10 = -5*m - i, -k*m + 3*i + 4 = i. Suppose -m*r = -10 - 26. Calculate the remainder when 33 is divided by r.
15
Suppose 0 = 2*o - 7*o + 170. Suppose 2*j - 350 = -4*p, j + p + 0*p = 172. What is the remainder when j is divided by o?
33
Let d(g) = -g + 5. Let w(n) = n. Let f be w(-2). What is the remainder when -53*1*f/2 is divided by d(-9)?
11
Let z = 6 + -12. Let p(h) = -3*h**2 - 8*h + 2. Let u be p(z). Let b = u - -82. What is the remainder when 46 is divided by b?
22
Suppose -5*d = 2*h - 50, 8*h = 4*h - 4*d + 76. Let b = -5 + 16. Calculate the remainder when (2 - 35/h) + 282/9 is divided by b.
9
Suppose -15 = p - 5*v, -3*p + 5*v - 11 = -6. Calculate the remainder when 152 is divided by p.
2
Let l = 118 + -110. Let v(n) = -2*n**3 + 17*n**2 - 7*n + 2. What is the remainder when 67 is divided by v(l)?
7
Let b be (-14)/91 - (-1)/((-26)/(-4)). Suppose b = -4*t - 8, -5*t = 5*s - 2*t - 49. Calculate the remainder when 31 is divided by s.
9
Suppose 5*z = 5*x + 300, 40 + 32 = z - 5*x. Let u be (-1 - 3)/(1/(-20)). Suppose 3*n - u = -n. What is the remainder when z is divided by n?
17
Let f = 601 + -556. What is the remainder when 1123 is divided by f?
43
Let b = 95 + -72. What is the remainder when 156 is divided by b?
18
Suppose -17*x = -1776 - 1267. What is the remainder when x is divided by 18?
17
Let k = 621 - 353. What is the remainder when k is divided by 54?
52
Suppose -73 = 3*f - 247. Suppose 100 = 5*t - 4*o, 3*o = -2*t + 36 + 4. Calculate the remainder when f is divided by t.
18
Let s be ((-4)/14)/((-2)/28). Suppose 0 = -s*w + 3*n + 212, 4*w - 208 = -2*n + 4*n. What is the remainder when w is divided by 13?
11
Let y = -37 + 39. Let l(w) = 4*w**3 + w**2 + 2*w - 1. Let u = 19 + 2. What is the remainder when l(y) is divided by u?
18
Let o = 13272 - 13264. Suppose 7 = s - 4. Calculate the remainder when s is divided by o.
3
Let n be 0*-2*(-4)/(-16). Suppose -a + 1 + 8 = n. Suppose w - 4*w + a = 0. What is the remainder when 8 is divided by w?
2
Let p